t are the prime factors of r?
163
Suppose 5*t - 23 = -f, 3*f - 3 - 6 = 0. Suppose -3*c + i = 38 - 146, 144 = t*c + 2*i. List the prime factors of c.
2, 3
Suppose -966 = -3*i - 4*i. What are the prime factors of i?
2, 3, 23
Suppose -136 = -4*d + 164. Suppose 4*l = 0, 9*g - 4*l = 4*g + d. List the prime factors of g.
3, 5
Let x be 8/(-28) + 30/7. Suppose -2*j = -j - x. Suppose -5*a - 35 = -4*c, j*a + 9 = a. List the prime factors of c.
5
Let m be (-2 - 2)*(-2)/4. Suppose 4*w - m*w = 24. Suppose 4*b - 3*c - w = 24, 4*c = -2*b - 4. List the prime factors of b.
2, 3
Let x be (8/3)/(1/(-3)). Let h = -5 - x. Suppose h + 21 = 2*f - 2*v, 0 = -3*f + v + 30. List the prime factors of f.
3
Let c = 3 + -4. Let n = c + 3. Suppose n*y - 10 = 3*u - 38, -u - 3*y = 9. What are the prime factors of u?
2, 3
Let y(k) = -13*k - 1. Let t(p) = 14*p + 1. Let f(x) = 7*t(x) + 6*y(x). What are the prime factors of f(1)?
3, 7
Let v(r) = -r**3 - r**2 + 10. Let s be -1 + 1 + -2 + 2. Let k = s - 0. What are the prime factors of v(k)?
2, 5
Suppose -2*k = -9 - 11. Let b(y) = 5*y - 12. List the prime factors of b(k).
2, 19
Let d = 679 - 456. List the prime factors of d.
223
Let m(z) = 8*z - 5. Let x(u) = 8*u - 4. Let i(s) = 5*m(s) - 6*x(s). List the prime factors of i(-2).
3, 5
Let m = -31 + 53. List the prime factors of m.
2, 11
Let f = 3 - 0. Suppose -9 = -f*q - 0. Suppose -q*z = -4*z - a + 7, -z - 4*a = -16. List the prime factors of z.
2
Let c(g) = -3*g**3 + 2*g**2 - g - 2. Let y be c(-2). Suppose -3*u = -88 - 71. Let m = u - y. What are the prime factors of m?
3, 7
Let g = 5 - 2. Suppose g*o + 4*y + 1 = 0, 0*o + y = o - 9. Let w(x) = -x**2 + 8*x - 6. What are the prime factors of w(o)?
3
Suppose p = -2 + 5. Suppose -3*t - p*g - 9 = -0*g, -5*g = t + 23. Suppose -n + 10 = 2*w, 0*w - t*w + 18 = 2*n. List the prime factors of n.
2
Suppose -j - 2*j = -27. Suppose j*d - 4*d = 15. What are the prime factors of d?
3
Suppose -v + 0*v + 52 = c, -v = 5*c - 268. List the prime factors of c.
2, 3
Let w = -2 - -11. Suppose -2*b - b = -w. Suppose 0 = -k + b*o + 11, -3*k + 3*o - 5*o = -11. What are the prime factors of k?
5
Let x = 5 - 2. Suppose -x*q = -q - 20. List the prime factors of q.
2, 5
Let m(q) be the first derivative of -1/4*q**4 - 1 + 5*q + 9/2*q**2 + 8/3*q**3. What are the prime factors of m(9)?
5
Let x = -156 - -299. What are the prime factors of x?
11, 13
Suppose 0 = q - 2*p + 6*p - 23, 0 = q - 5*p + 22. Let b = 28 - q. Let a = b - 16. What are the prime factors of a?
3
Suppose 2*o + 719 = 5*w - 2*o, 3*w - 3*o = 429. List the prime factors of w.
3, 7
Let f(z) = 12*z - 3. Let i be f(4). What are the prime factors of (12/5)/(6/i)?
2, 3
Suppose 0*u = -u + 10. Suppose r - u = -r. Suppose -r*h = w - 8, 0 = 5*w - 4*h - h - 10. What are the prime factors of w?
3
Let a be (3 + -6)*28/(-3). Let n = a - 18. Suppose 3*u - 11 - n = 0. List the prime factors of u.
7
What are the prime factors of -1 - -113 - (11 - 13)?
2, 3, 19
Let s(r) be the third derivative of -r**5/60 - 7*r**4/24 - 2*r**3/3 + 6*r**2. What are the prime factors of s(-6)?
2
Let j be 132/15*(-15)/(-3). Suppose u + 3*u + 4*x = j, 3*u - 54 = 4*x. What are the prime factors of u?
2, 7
Let i(f) = f**3 - f**2 - f - 2. Let p be i(0). What are the prime factors of (p - -1)/((-2)/22)?
11
Let k(z) = -z**3 - 2*z**2 - 2*z + 3. Let b be k(-3). Suppose -2*x = p - x - b, -3*p - x = -46. What are the prime factors of p?
2, 7
What are the prime factors of 18 - (2 + -2)*-1?
2, 3
Let i = 6 - 6. Suppose i = -2*v - 7 + 37. Suppose v - 6 = s. What are the prime factors of s?
3
Suppose 0 = -2*b + 18 - 0. Let t = 14 + b. What are the prime factors of t?
23
Suppose q + 31 = 107. What are the prime factors of q?
2, 19
Let n = -5 + 9. Suppose 0 = -v - 3*v - n. List the prime factors of -2 - -11*(0 - v).
3
Suppose -8*o = -984 - 560. List the prime factors of o.
193
Suppose -3*s = 2*s - 565. List the prime factors of s.
113
Let d = -8 + 55. List the prime factors of d.
47
Suppose 41 = w - 21. What are the prime factors of w?
2, 31
Let f be (-9*(-2 + 1))/1. Suppose 24 - f = 5*j. What are the prime factors of j?
3
Let o = 76 + 66. List the prime factors of o.
2, 71
Suppose 13*l - 4*l - 693 = 0. List the prime factors of l.
7, 11
Suppose -5*u + 2 = -13. Let o be 2/11 + (-525)/(-77). What are the prime factors of (-1)/(u/9) + o?
2
Let j = -38 - -118. What are the prime factors of j?
2, 5
Let d(t) = -83*t - 3*t**2 - 8 + 2*t**2 + 74*t. List the prime factors of d(-6).
2, 5
Let n(g) = -5 + 2 - 13*g + 0. What are the prime factors of n(-2)?
23
Suppose 0 = 4*f - 2*p + 18, -2*f + 4*f + 3*p + 13 = 0. What are the prime factors of (-3 - f)*-9*-1?
2, 3
Suppose 21*w - 27*w = -1188. List the prime factors of w.
2, 3, 11
Let x = 5 + -3. Suppose 5*n - x*n - 9 = 0. Suppose -12 = n*r, 4*k - 4 = -4*r - 0*r. What are the prime factors of k?
5
Let s = -8 + 18. Let a(m) = -m + 23. List the prime factors of a(s).
13
Let b(l) = l**2 + 5. Suppose 4*q + 0*q = 0. Let k be b(q). Let s = k + 6. List the prime factors of s.
11
Let j(p) = p**2 - 3*p + 1. Let d be j(4). Let q(g) = -8*g + 2. Let v be q(d). Let x = 57 + v. List the prime factors of x.
19
Suppose 14 = -4*h - 3*j, -2*j = -3*h + 2*j - 23. Let a = 61 - 52. Let v = a + h. List the prime factors of v.
2
Suppose d + 0*d = -2. Let b be 164/20 + d/10. Let l(i) = i**2 - 7*i. List the prime factors of l(b).
2
Let m(r) = -6*r - 53. List the prime factors of m(-23).
5, 17
Suppose -22 = -2*t - 6. What are the prime factors of t?
2
Let i = -5 + 50. Suppose -x = 7 - i. What are the prime factors of x?
2, 19
Let l be -4*(285/(-6))/5. Suppose 0 = 5*x - l - 62. List the prime factors of x.
2, 5
Let d = 12 + -13. List the prime factors of (34 - 1) + 3 + d.
5, 7
Let v(d) = -2*d - 3. Let q = 6 + -3. Suppose -2*k - q = 2*s + 7, 2*k + s + 9 = 0. List the prime factors of v(k).
5
Let s(c) = -c. Let d be s(-6). Let k = 2 + d. What are the prime factors of 2/k + (-354)/(-24)?
3, 5
Suppose -4*d - 10 = -26. Suppose -d*v = -q + 19, 2*q - 89 = -q + 4*v. List the prime factors of q.
5, 7
Let z(w) = -24*w**2 + 19*w - 6. Let c(f) = 12*f**2 - 10*f + 3. Let t(x) = -11*c(x) - 6*z(x). Let a be t(6). What are the prime factors of 1/6 + a/18?
23
Let q = 39 - -15. List the prime factors of q.
2, 3
Let o(c) = 3*c**2 + 3*c + 11. List the prime factors of o(-5).
71
Let d(b) = -b + 6. Suppose 5*v = -5*l + 20, 0 = 2*l - 0*l + v - 8. What are the prime factors of d(l)?
2
Let c = 2 - 8. What are the prime factors of 45/c*6/(-5)?
3
Suppose -4*d + 20 = h, 3*d - 1 = 8. Suppose 0 = 5*q + 4*n - h, 5*n + 10 = -5. List the prime factors of q.
2
Let c(v) = -2*v + 7. Suppose -4*p - 45 = 5*x, -15 = 6*p - 5*p + 5*x. What are the prime factors of c(p)?
3
Let y = -12 + 19. Let p(v) = 4*v - 6. List the prime factors of p(y).
2, 11
Let n(p) = 1 - p + 1 - 1 + 2. What are the prime factors of n(-7)?
2, 5
Let y(k) be the second derivative of -k**5/60 - k**4/3 - k**3/2 + k**2/2 - k. Let g(r) be the first derivative of y(r). List the prime factors of g(-7).
2
Let a(k) = k**3 - 3*k**2 - 5*k + 8. Let p be a(5). Let d = p - 4. What are the prime factors of d?
29
Let c be 2 + 32*3 - -2. Suppose -v + c = 4*v. Let b = -13 + v. What are the prime factors of b?
7
List the prime factors of 5/(-2)*98/(-35).
7
Let v = 138 - 69. List the prime factors of v.
3, 23
Suppose 5*a - n = 21 - 69, -3*n = -a - 18. Let l = a - -15. List the prime factors of l.
2, 3
Suppose -2*y - 9 = -v - 6*y, 3*v = -3*y + 27. Suppose -2*h + 25 + v = 0. What are the prime factors of h?
17
Let z(t) = 1 - 7*t**2 + 7*t**2 + 7*t**2. Let q be z(1). Let o = q + -4. List the prime factors of o.
2
Suppose -y = -5*y + 84. What are the prime factors of y?
3, 7
Let c be ((-288)/27)/(2/(-3)). What are the prime factors of c + (1 + -4)/(-1)?
19
Let a(o) = -o**2 + 13*o - 8. Let k be a(12). What are the prime factors of k/(-10) - (-610)/25?
2, 3
Let p(d) = d - 4. Let j be p(7). Suppose -j*g - 5*s + 18 = -0*s, -2*g = -4*s - 12. What are the prime factors of g?
2, 3
Let n(i) = -i + 37. List the prime factors of n(0).
37
Suppose k = 5*k. Suppose -8*s + 3*s + 10 = k. List the prime factors of s.
2
Suppose 4*q - 2 - 6 = 0. Suppose -q*w + 0*w + 37 = -y, 5*y = -w + 2. List the prime factors of w.
17
Suppose 3*s - 45 = 15. List the prime